
-6
Let b(w) be the second derivative of w**4/6 + 2*w**3/3 - 11*w**2/2 - 546*w. Give b(-7).
59
Let r(j) be the second derivative of -5*j**4/12 - 4*j**3 - 3*j**2 + 65*j - 2. Let b(h) = -14*h**2 - 69*h - 19. Let d(n) = -4*b(n) + 11*r(n). Determine d(-12).
10
Let b(o) be the first derivative of o**3/3 + 7*o**2/2 - 11*o + 677. Determine b(-9).
7
Let h(g) = -g**2 - 3*g + 6. Let q = -120 + 122. Suppose q*s + 2*t = -0*s - 10, -t = -2*s - 10. What is h(s)?
-4
Let u(i) = i**3 - 17*i**2 + 2*i - 39. Suppose 1733*t - 119 = 1726*t. Calculate u(t).
-5
Let x(r) = -r**2 + 2*r + 1. Let d(z) = -4*z**2 + 8*z + 2. Let w be 0 - (8 + -4) - 0 - -5. Let t(y) = w*d(y) - 5*x(y). Determine t(-2).
5
Let v(p) = 195*p**3 - 2*p + 1. Let q be v(1). Let m = q + -186. Let j(b) = -b**2 + 8*b + 1. Calculate j(m).
1
Let a(s) be the third derivative of s**5/60 - s**4/4 - 59*s**3/6 + 759*s**2. Give a(-5).
-4
Let j = 91 + -181. Let s = -92 - j. Let y(d) = 0 + 2*d + 0 - 3 - 11*d. Calculate y(s).
15
Let c(m) = -2620*m**2 - 7*m + 2614*m**2 + 22 - 26 - 4*m**3. Determine c(-2).
18
Let c(w) be the first derivative of -229 - 2*w + 5/2*w**2. Calculate c(4).
18
Let p(u) be the third derivative of -1/60*u**5 + 4*u**2 + 0 + 0*u**3 - u + 1/24*u**4. Give p(0).
0
Let w be 907/3 + (-44)/132. Let t = 310 - w. Let l(u) = -u**2 + 7*u + 0 + 0 + 4. Determine l(t).
-4
Let z(b) be the third derivative of -b**5/30 - 5*b**4/12 - 7*b**3/3 + 2*b**2 - 27*b. Let p(r) = r**2 + 5*r + 7. Let v(d) = 5*p(d) + 2*z(d). Calculate v(-5).
7
Suppose 3 + 11 = -2*m. Let d(r) = -4*r**2 + 23*r + 17. Let b(g) = g**2 - 8*g - 5. Let f(n) = m*b(n) - 2*d(n). Calculate f(-9).
-8
Let x(p) be the second derivative of -1/12*p**4 - 5/6*p**3 + 2*p**2 + 0 - 76*p. Give x(-7).
-10
Let q(w) = -5*w**3 + 13*w**2 + 6*w + 12. Let g(a) = 14*a**3 - 39*a**2 - 19*a - 37. Let y(o) = -4*g(o) - 11*q(o). Determine y(14).
-40
Suppose 166 = a - 5*n, 0 = -0*a + 4*a + 4*n - 760. Suppose -a*u + 22 = -197*u. Let x(y) = 2*y**3 + 2*y + 2. Calculate x(u).
-18
Suppose -3*w - 9 = -t, -276*w + 5*t - 23 = -272*w. Let p(x) = 4*x**2 + x - 6. Give p(w).
8
Let f(a) be the third derivative of 0 + 0*a**4 + 1/60*a**5 + 0*a - 7/6*a**3 + 116*a**2. What is f(-3)?
2
Let h(u) = u**3 - 9*u**2 + 8*u - 6. Let v(k) = -2*k**2 + 20*k - 5. Let i be v(5). Suppose 4*s + 4 = 56. Suppose 4*b + s = i. Give h(b).
-6
Let s(d) = 50*d - 17 + 28*d + 2*d**2 - 8 + 24. What is s(-39)?
-1
Suppose 3*g = -5*q + 66, 12*q = 14*q + 3*g - 39. Let b(z) = z**3 - 9*z**2 + 3*z + 22. Determine b(q).
49
Suppose -180*q + 187*q = 4368. Let j = 632 - q. Let v(x) = -x**2 + 3*x + 7. Calculate v(j).
-33
Let x = 2 - -5. Let s be 3/2*56/6. Let h(n) = -6*n**2 + 21*n - 2*n**2 + n**3 - s*n - 9. Determine h(x).
-9
Let m(g) = 3*g**3 + 4*g - 7. Let k(n) = -n**3 + n**2. Let d(a) = 4*k(a) + m(a). Let z be ((-350)/(-15))/7 - (-90)/(-216)*-4. Determine d(z).
-12
Suppose 3 = 5*r - 4*j, 3*j - 4*j + 3 = 0. Suppose 3*s + 5*g - 391 = -s, 2*s - 195 = -r*g. Let x(y) = 1 + y**2 + 99*y - s*y. What is x(-2)?
5
Let j(f) = 7*f - 19. Let b(y) = -4*y + 25. Let m(n) = 5*b(n) + 4*j(n). Determine m(-7).
-7
Let n be (-33 - -43)*2/4. Let s(q) = 2*q**2 - q - 43. What is s(n)?
2
Let h(q) = q - 2. Let l(k) = 97 - 173 + 17*k**2 - k**3 - 20*k + 138. Let t be l(16). What is h(t)?
-4
Let d(z) = 2*z**3 - 34*z**2 + 21*z - 98. Let h(x) = -x**3 + 17*x**2 - 12*x + 50. Let l(a) = 3*d(a) + 5*h(a). What is l(17)?
7
Let a(i) = i + 7. Let q = 52 + -113. Let x = q - -64. Suppose x*u + 12 = -l - 2*l, -u + 2*l + 8 = 0. Determine a(u).
7
Let s(j) = 2*j**3 - 11*j**2 - 8*j + 12. Let t = -2477 + 2483. Give s(t).
0
Suppose 0 = -3*g + 6 + 3. Let n(b) be the second derivative of 1/2*b**3 + 3/2*b**2 + 30*b + 0 - 1/6*b**4. What is n(g)?
-6
Let t(g) = 8*g + 242. Let u be t(-29). Let m(f) = f + f**3 - 17*f**2 + 1 + 4*f + u*f**2. What is m(6)?
-5
Let c(v) be the second derivative of v**4/6 - 55*v**3/6 + 13*v**2/2 + 6635*v. Determine c(27).
-14
Let w(i) be the third derivative of -i**4/8 + 5*i**3/6 - i**2. Let f be -5 + 12 + -11 - -146. Let o = f + -138. Give w(o).
-7
Let q(k) = -6*k - 2. Let w = 109 + -103. Give q(w).
-38
Let j(f) = -1. Let c = 810 - 809. Let p(n) = 0 + 3*n - 5*n + 6. Let i(k) = c*p(k) + 8*j(k). Determine i(-6).
10
Suppose 5*b = 5 + 5. Let h(d) = -3 - 8*d - d**2 - 6 + b. Let m = 164837 + -164842. Give h(m).
8
Let y(b) = 4*b + 101. Let g(i) = -55. Let m(a) = -2*g(a) - y(a). What is m(6)?
-15
Suppose -t - 3*t = 24. Let q(h) be the first derivative of 63 - 14*h - 1/2*h**2. Calculate q(t).
-8
Let n(w) = -w**3 + 3*w**2 + 3*w + 2. Suppose 3*b + z + z - 146 = 0, z + 252 = 5*b. Suppose -b = t - 11*t. Suppose -t*a + 36 = 16. Give n(a).
-2
Let o(h) be the third derivative of 7/6*h**3 - 35*h**2 - 1/120*h**6 + 1/6*h**4 + 1/12*h**5 + 0 + 0*h. Let w(y) = 7*y**2 - 2*y + 1. Let a be w(1). What is o(a)?
-5
Let k(w) = 8*w - 80. Let p be 6/228*38 + 2/(4/14). Give k(p).
-16
Let n(s) = 1 + 3 - s**2 + 7*s + 2*s**2. Let y(f) = 4*f**2 - 45*f - 159. Let g be y(14). Determine n(g).
-6
Let d(n) be the first derivative of 69 - 11/2*n**2 - 1/3*n**3 + 8*n. What is d(-11)?
8
Let y(a) = a**2 + 6*a - 3. Let g(d) = d**2 - 7*d - 14. Let i be g(-6). Let m = 52 - i. Let b = m + 7. What is y(b)?
-8
Let h(n) = n + 1. Let b(l) = 9 + 7 - 727*l + 726*l. Let m be b(6). Let u be (4/m)/(5/25). Give h(u).
3
Let g(b) = b + 5. Let k be (52 - 2)*7/(-14). Let t be 2 - (-10)/(k/(-5)). Let z be t/(-14) - (-390)/91. Give g(z).
9
Let v(f) be the third derivative of -f**5/60 + f**4/4 + f**3/6 - f**2. Let y(m) = -2*m**2 - 847*m - 5825. Let x be y(-7). What is v(x)?
1
Let j(i) = -3*i - 11. Let c = -3422 - -3413. Give j(c).
16
Let i = -18045 + 18031. Let l(u) = 18*u + 252. Calculate l(i).
0
Let u(n) = -7*n + 38. Let s = 45423 - 45413. Give u(s).
-32
Let z = -27 + 36. Let h(r) be the third derivative of r**6/120 - 2*r**5/15 - r**4/3 - 7*r**3/6 - 3810*r**2. What is h(z)?
2
Let r(i) be the third derivative of i**6/40 + i**5/15 + i**4/12 - i**3/6 - i**2. Suppose 0 = 2*c - a, -39*a + 22 = -3*c - 43*a. What is r(c)?
-13
Let a(u) = -u**3 + 17*u**2 - 17*u + 2. Suppose -5*n = 5*j - 70, 4*n - 8 = -870*j + 869*j. What is a(j)?
-14
Let i(t) = t**3 + 10*t**2 + 3*t - 96. Let m be i(-8). Let h(c) = -c**3 + 8*c**2 + 3. What is h(m)?
3
Let h(q) = q**3 + 5*q**2 - 3*q + 14. Suppose 8*c + 3*c + 66 = -0*c. Calculate h(c).
-4
Suppose 7*l = -3*l - 60. Let b be (-13)/l + 20/(-120). Let y(q) = -9*q + 1. What is y(b)?
-17
Let q(z) = z + z + 1 - 4. Suppose 3*r - 19 = -3*i + 2*r, -i - 4*r + 21 = 0. Let a be (-12)/i*(-35)/(-14). Calculate q(a).
-15
Let w(d) = -87*d + 513. Let u be w(6). Let k(h) = h**3 + 9*h**2 - h - 16. Give k(u).
-7
Let d(l) = 2*l + 38. Let u(m) = -2*m - 33. Let o(v) = 3*d(v) + 4*u(v). Let q = 193 + -204. Determine o(q).
4
Let o(u) be the first derivative of -u**4/4 - 7*u**3/3 + 5*u**2 + 11*u - 2368. Give o(-8).
-5
Let o(j) be the first derivative of 8*j**2 - 2*j - 1. Let s = 3347 + -3345. Calculate o(s).
30
Let w(b) = -b**2 - 8*b + 10. Let q be w(-9). Let s(m) = -3*m + m**3 + 6*m**2 - 4 - q + 0*m + 0*m. Let r(x) = -9*x + 156. Let n be r(18). What is s(n)?
13
Let i(x) = -x**3 - 8*x**2 - 4*x - 14. Let p(r) = 4*r**2 - 19*r + 4. Let g be p(4). Give i(g).
18
Let g(a) = 7*a + 3. Let m(l) = 2*l + 1. Let k(x) = -g(x) + 3*m(x). Let o(d) = d**3 - d**2 - 6*d - 2. Let u be o(3). Calculate k(u).
2
Let g(x) = -39 + 87*x - 45*x + 68 + 56*x - 51*x**2 + x**3 - 33. Give g(49).
-4
Let x(f) = -32*f. Suppose 2*k = -3*a - k + 753, 0 = 4*k + 20. Let n = 257 - a. Determine x(n).
-32
Let w be (-6)/((6 - -4)/40 + (-14)/(-8)). Let g(a) = a - 1. Let i(l) = -2*l + 2. Let b(m) = 3*g(m) + 2*i(m). Calculate b(w).
4
Let i(h) = 8*h - 171. Let l be i(22). Let o(x) = 4*x**2 - 8*x. Let v(y) = -2*y**2 + 4*y - 1. Let q(t) = -4*o(t) - 7*v(t). Determine q(l).
-23
Suppose -z - 5 = -h, -5*h = 5*z - 185 + 250. Let l(j) be the third derivative of 1/6*j**5 + 0*j + 0 + 2*j**2 - 7/6*j**3 + 1/120*j**6 + 1/3*j**4. Calculate l(z).
2
Let j(q) = 10*q + 0*q**2 - 6*q + q**2 - 3. Suppose 5*m = 4*t - 33, 6*t - 2*t - 3*m - 23 = 0. What is j(t)?
9
Let m = 17 + -12. Let t(w) = -18*w**2 + m*w**2 + 12*w**2 - 6*w. Calculate t(-6).
0
Let k = 0 - 41. Let a(v) = -v**3 + 10*v**2 - 11*v - 1. Let s be a(8). Let d = s + k. Let f(n) = n**2 + n + 2. Determine f(d).
4
Let i(o) be the first d